{"id":353,"date":"2019-03-11T14:29:19","date_gmt":"2019-03-11T13:29:19","guid":{"rendered":"http:\/\/ferme-brochier05.fr\/?page_id=353"},"modified":"2026-04-03T11:21:05","modified_gmt":"2026-04-03T09:21:05","slug":"mentions-legales","status":"publish","type":"page","link":"https:\/\/ferme-brochier05.fr\/index.php\/mentions-legales\/","title":{"rendered":"Mentions l\u00e9gales"},"content":{"rendered":"<div id=\"pl-353\"  class=\"panel-layout\" ><div id=\"pg-353-0\"  class=\"panel-grid panel-has-style\" ><div class=\"panel-row-style panel-row-style-for-353-0\" ><div id=\"pgc-353-0-0\"  class=\"panel-grid-cell\" ><div id=\"panel-353-0-0-0\" class=\"so-panel widget widget_sow-editor panel-first-child panel-last-child\" data-index=\"0\" ><div\n\t\t\t\n\t\t\tclass=\"so-widget-sow-editor so-widget-sow-editor-base\"\n\t\t\t\n\t\t>\n<div class=\"siteorigin-widget-tinymce textwidget\">\n\t<p><!-- wp:heading {\"level\":4} --><\/p>\n<p><span style=\"vertical-align: inherit;\"><span style=\"vertical-align: inherit;\">Vous \u00eates actuellement connect\u00e9 au site \u00ab\u00a0www.ferme-brochier05.fr\u00a0\u00bb.<br \/>\nPour toute remarque relative au fonctionnement du site, \u00e9crivez \u00e0 l'administrateur du site :\u00a0 info@secretaire05.fr<\/span><\/span><\/p>\n<h4><span style=\"vertical-align: inherit;\"><span style=\"vertical-align: inherit;\">Informations g\u00e9n\u00e9rales<\/span><\/span><\/h4>\n<p><!-- \/wp:heading --><\/p>\n<p><!-- wp:paragraph --><\/p>\n<p><span style=\"vertical-align: inherit;\"><span style=\"vertical-align: inherit;\">FERME AVICOLE BROCHIER - Maxime BROCHIER - <\/span><\/span><br \/>\n<span style=\"vertical-align: inherit;\"><span style=\"vertical-align: inherit;\">T\u00e9l. 06 29 68 44 74 <\/span><\/span><br \/>\n<span style=\"vertical-align: inherit;\"><span style=\"vertical-align: inherit;\">Contact@ferme-brochier.fr <\/span><\/span><br \/>\n<span style=\"vertical-align: inherit;\"><span style=\"vertical-align: inherit;\">Site internet: http:\/\/www.ferme-brochier05.fr <\/span><\/span><br \/>\n<span style=\"vertical-align: inherit;\"><span style=\"vertical-align: inherit;\">Siret : 510 082 035 00013<br \/>\n<\/span><\/span><span style=\"vertical-align: inherit;\"><span style=\"vertical-align: inherit;\">APE : 0147Z<\/span><\/span><\/p>\n<p><!-- \/wp:paragraph --><\/p>\n<p><!-- wp:paragraph --><\/p>\n<p><strong><span style=\"vertical-align: inherit;\"><span style=\"vertical-align: inherit;\">Prestataire d'h\u00e9bergement:<\/span><\/span><br \/>\n<\/strong><span style=\"vertical-align: inherit;\"><span style=\"vertical-align: inherit;\"> L'h\u00e9bergement du site est assur\u00e9 par OVH <\/span><\/span><br \/>\n<span style=\"vertical-align: inherit;\"><span style=\"vertical-align: inherit;\">Directeur de publication: TELETRAVAIL REYNAUD 05 - www.secretaire05.fr<\/span><\/span><\/p>\n<p><span style=\"color: #999999;\">R\u00e9alisation du site : <a href=\"http:\/\/www.secretaire05.fr\/\">www.secretaire05.fr<\/a><\/span><br \/>\n<span style=\"color: #999999;\"> Siret : 34462341800029 dispens\u00e9 au RCS et RM<\/span><br \/>\n<span style=\"color: #999999;\"> H\u00e9bergement du site : OVH<\/span><\/p>\n<p><!-- \/wp:paragraph --><\/p>\n<p><!-- wp:heading --><\/p>\n<h2><strong><span style=\"vertical-align: inherit;\"><span style=\"vertical-align: inherit;\">Conditions g\u00e9n\u00e9rales de vente<\/span><\/span><\/strong><\/h2>\n<p><!-- \/wp:heading --><\/p>\n<p><!-- wp:paragraph --><\/p>\n<p><span style=\"vertical-align: inherit;\"><span style=\"vertical-align: inherit;\">FERME AVICOLE BROCHIER sous le num\u00e9ro <span style=\"vertical-align: inherit;\">510 082 035 00013\u00a0<\/span>\u00a0dont le num\u00e9ro de TVA intracommunautaire est :\u00a0 <span style=\"vertical-align: inherit;\"> FR16 510 082 035<\/span> <\/span><\/span><br \/>\n<span style=\"vertical-align: inherit;\"><span style=\"vertical-align: inherit;\">Ayant son si\u00e8ge social \u00e0 L'Aulagnier - 05500 SAINT BONNET\u00a0<\/span><\/span><\/p>\n<p><!-- \/wp:paragraph --><\/p>\n<p><!-- wp:paragraph --><\/p>\n<p><strong><span style=\"vertical-align: inherit;\"><span style=\"vertical-align: inherit;\">Propri\u00e9t\u00e9 intellectuelle<\/span><\/span><\/strong><\/p>\n<div><\/div>\n<div><strong>BROCHIER Maxime\u00a0<\/strong>\u00a0est seul titulaire des droits d'auteur sur le site <span style=\"vertical-align: inherit;\">www.ferme-brochier05.fr<\/span><\/div>\n<div><\/div>\n<p><strong><em>Propri\u00e9t\u00e9 intellectuelle<\/em><\/strong><br \/>\nLe site Internet\u00a0<span style=\"vertical-align: inherit;\">www.ferme-brochier05.fr <\/span> est une \u0153uvre de l\u2019esprit prot\u00e9g\u00e9e par le droit de la propri\u00e9t\u00e9 intellectuelle. Le site ainsi que tous les \u00e9l\u00e9ments le composant (tels que les textes, photographies\u2026) sont la propri\u00e9t\u00e9 exclusive de Maxime BROCHIER<\/p>\n<p><em><strong>Informatique et libert\u00e9 \u2013 Protection des donn\u00e9es personnelles<\/strong><\/em><\/p>\n<p>Les informations collect\u00e9es par le biais du pr\u00e9sent site sont exclusivement destin\u00e9es \u00e0 son propri\u00e9taire aucune de ces informations ne sera donc vendue ou communiqu\u00e9e \u00e0 un tiers. Si elles sont stock\u00e9es, elles le seront dans une base de donn\u00e9es interne avec protection et chiffrement fournis par la soci\u00e9t\u00e9 Google (Android).<\/p>\n<p>Conform\u00e9ment au\u00a0R\u00c8GLEMENT (UE) 2016\/679 DU PARLEMENT EUROP\u00c9EN ET DU CONSEIL\u00a0du 27 avril 2016\u00a0relatif \u00e0 la protection des personnes physiques \u00e0 l\u2019\u00e9gard du traitement des donn\u00e9es \u00e0 caract\u00e8re personnel et \u00e0 la libre circulation de ces donn\u00e9es, et abrogeant la directive 95\/46\/CE\u00a0 et\u00a0\u00a0au nouveau RGDP (R\u00e8glement G\u00e9n\u00e9rale sur la Protection des Donn\u00e9es) qui est entr\u00e9 en vigueur ce 25 mai 2018 dans l'Union Europ\u00e9enne, nous mettons \u00e0 jour notre politique de confidentialit\u00e9.\u00a0 Vous disposez d\u2019un droit d\u2019acc\u00e8s, de rectification, de modification et de suppression concernant les donn\u00e9es qui vous concernent. Pour cela vous pouvez nous contacter via le formulaire de contact du site.<\/p>\n<p><em><strong>Liens hypertextes<\/strong><\/em><br \/>\nLe site\u00a0<span style=\"vertical-align: inherit;\">www.ferme-brochier05.fr<\/span> contient des liens hypertextes permettant l\u2019acc\u00e8s \u00e0 des sites dont nous ne sommes pas \u00e9diteurs. En cons\u00e9quence, nous ne saurons \u00eatre tenus responsables du contenu des sites auxquels vous auriez ainsi acc\u00e8s. Nous ne sommes responsables ni de leur int\u00e9gral respect aux normes d\u2019ordre public et bonnes m\u0153urs, d\u2019une part, ni de leur politique de protection des donn\u00e9es personnelles ou d\u2019utilisation qui en seraient faites, d\u2019autre part.\u00a0En acc\u00e9dant \u00e0 un autre site, par l\u2019interm\u00e9diaire d\u2019un lien hypertexte, vous acceptez que cet acc\u00e8s s\u2019effectue \u00e0 vos risques et p\u00e9rils. Par cons\u00e9quent, tout pr\u00e9judice direct ou indirect r\u00e9sultant de votre acc\u00e8s \u00e0 un autre site reli\u00e9 par un lien hypertexte ne peut engager notre responsabilit\u00e9.<br \/>\nNous attirons enfin votre attention sur le fait que la cr\u00e9ation de liens hypertextes vers notre site doit faire l\u2019objet d\u2019une autorisation pr\u00e9alable de l\u2019\u00e9diteur.<\/p>\n<p><!-- \/wp:paragraph --><\/p>\n<p><!-- wp:heading {\"level\":5} --><\/p>\n<p><!-- \/wp:paragraph --><\/p>\n<\/div>\n<\/div><\/div><\/div><\/div><\/div><\/div>","protected":false},"excerpt":{"rendered":"<p>Vous \u00eates actuellement connect\u00e9 au site \u00ab\u00a0www.ferme-brochier05.fr\u00a0\u00bb. Pour toute remarque relative au fonctionnement du site, \u00e9crivez \u00e0 l&rsquo;administrateur du site :\u00a0 info@secretaire05.fr Informations g\u00e9n\u00e9rales FERME AVICOLE BROCHIER &#8211; Maxime BROCHIER &#8211; T\u00e9l. 06 29 68 44 74 Contact@ferme-brochier.fr Site internet: http:\/\/www.ferme-brochier05.fr Siret : 510 082 035 00013 APE : 0147Z Prestataire d&rsquo;h\u00e9bergement: L&rsquo;h\u00e9bergement du site &hellip; <\/p>\n<p class=\"link-more\"><a href=\"https:\/\/ferme-brochier05.fr\/index.php\/mentions-legales\/\" class=\"more-link\">Continuer la lecture<span class=\"screen-reader-text\"> de &laquo;&nbsp;Mentions l\u00e9gales&nbsp;&raquo;<\/span><\/a><\/p>\n","protected":false},"author":1,"featured_media":0,"parent":0,"menu_order":0,"comment_status":"closed","ping_status":"closed","template":"","meta":{"footnotes":""},"class_list":["post-353","page","type-page","status-publish","hentry"],"yoast_head":"<!-- This site is optimized with the Yoast SEO plugin v15.9.2 - https:\/\/yoast.com\/wordpress\/plugins\/seo\/ -->\n<title>Mentions l\u00e9gales - Des poules dans mon jardin<\/title>\n<meta name=\"description\" content=\"FERME AVICOLE BROCHIER - Maxime BROCHIER - T\u00e9l 06 29 68 44 74 - Contact@ferme-brochier.fr - Nous vous proposons \u00e0 partir de chaque 1er avril en vente direct \u00e0 la ferme et sur les march\u00e9s des poules pondeuses, des poulettes, des poulets, des canards, des oies, des pintades et des dindes\" \/>\n<link rel=\"canonical\" href=\"https:\/\/ferme-brochier05.fr\/index.php\/mentions-legales\/\" \/>\n<meta property=\"og:locale\" content=\"fr_FR\" \/>\n<meta property=\"og:type\" content=\"article\" \/>\n<meta property=\"og:title\" content=\"Mentions l\u00e9gales - Des poules dans mon jardin\" \/>\n<meta property=\"og:description\" content=\"FERME AVICOLE BROCHIER - Maxime BROCHIER - T\u00e9l 06 29 68 44 74 - Contact@ferme-brochier.fr - Nous vous proposons \u00e0 partir de chaque 1er avril en vente direct \u00e0 la ferme et sur les march\u00e9s des poules pondeuses, des poulettes, des poulets, des canards, des oies, des pintades et des dindes\" \/>\n<meta property=\"og:url\" content=\"https:\/\/ferme-brochier05.fr\/index.php\/mentions-legales\/\" \/>\n<meta property=\"og:site_name\" content=\"Des poules dans mon jardin\" \/>\n<meta property=\"article:modified_time\" content=\"2026-04-03T09:21:05+00:00\" \/>\n<meta name=\"twitter:card\" content=\"summary_large_image\" \/>\n<meta name=\"twitter:label1\" content=\"Dur\u00e9e de lecture est.\">\n\t<meta name=\"twitter:data1\" content=\"2 minutes\">\n<script type=\"application\/ld+json\" class=\"yoast-schema-graph\">{\"@context\":\"https:\/\/schema.org\",\"@graph\":[{\"@type\":\"WebSite\",\"@id\":\"https:\/\/ferme-brochier05.fr\/#website\",\"url\":\"https:\/\/ferme-brochier05.fr\/\",\"name\":\"Des poules dans mon jardin\",\"description\":\"Bienvenue \\u00e0 la Ferme Avicole BROCHIER\",\"potentialAction\":[{\"@type\":\"SearchAction\",\"target\":\"https:\/\/ferme-brochier05.fr\/?s={search_term_string}\",\"query-input\":\"required name=search_term_string\"}],\"inLanguage\":\"fr-FR\"},{\"@type\":\"WebPage\",\"@id\":\"https:\/\/ferme-brochier05.fr\/index.php\/mentions-legales\/#webpage\",\"url\":\"https:\/\/ferme-brochier05.fr\/index.php\/mentions-legales\/\",\"name\":\"Mentions l\\u00e9gales - Des poules dans mon jardin\",\"isPartOf\":{\"@id\":\"https:\/\/ferme-brochier05.fr\/#website\"},\"datePublished\":\"2019-03-11T13:29:19+00:00\",\"dateModified\":\"2026-04-03T09:21:05+00:00\",\"description\":\"FERME AVICOLE BROCHIER - Maxime BROCHIER - T\\u00e9l 06 29 68 44 74 - Contact@ferme-brochier.fr - Nous vous proposons \\u00e0 partir de chaque 1er avril en vente direct \\u00e0 la ferme et sur les march\\u00e9s des poules pondeuses, des poulettes, des poulets, des canards, des oies, des pintades et des dindes\",\"breadcrumb\":{\"@id\":\"https:\/\/ferme-brochier05.fr\/index.php\/mentions-legales\/#breadcrumb\"},\"inLanguage\":\"fr-FR\",\"potentialAction\":[{\"@type\":\"ReadAction\",\"target\":[\"https:\/\/ferme-brochier05.fr\/index.php\/mentions-legales\/\"]}]},{\"@type\":\"BreadcrumbList\",\"@id\":\"https:\/\/ferme-brochier05.fr\/index.php\/mentions-legales\/#breadcrumb\",\"itemListElement\":[{\"@type\":\"ListItem\",\"position\":1,\"item\":{\"@type\":\"WebPage\",\"@id\":\"https:\/\/ferme-brochier05.fr\/\",\"url\":\"https:\/\/ferme-brochier05.fr\/\",\"name\":\"Accueil\"}},{\"@type\":\"ListItem\",\"position\":2,\"item\":{\"@type\":\"WebPage\",\"@id\":\"https:\/\/ferme-brochier05.fr\/index.php\/mentions-legales\/\",\"url\":\"https:\/\/ferme-brochier05.fr\/index.php\/mentions-legales\/\",\"name\":\"Mentions l\\u00e9gales\"}}]}]}<\/script>\n<!-- \/ Yoast SEO plugin. -->","_links":{"self":[{"href":"https:\/\/ferme-brochier05.fr\/index.php\/wp-json\/wp\/v2\/pages\/353","targetHints":{"allow":["GET"]}}],"collection":[{"href":"https:\/\/ferme-brochier05.fr\/index.php\/wp-json\/wp\/v2\/pages"}],"about":[{"href":"https:\/\/ferme-brochier05.fr\/index.php\/wp-json\/wp\/v2\/types\/page"}],"author":[{"embeddable":true,"href":"https:\/\/ferme-brochier05.fr\/index.php\/wp-json\/wp\/v2\/users\/1"}],"replies":[{"embeddable":true,"href":"https:\/\/ferme-brochier05.fr\/index.php\/wp-json\/wp\/v2\/comments?post=353"}],"version-history":[{"count":18,"href":"https:\/\/ferme-brochier05.fr\/index.php\/wp-json\/wp\/v2\/pages\/353\/revisions"}],"predecessor-version":[{"id":1057,"href":"https:\/\/ferme-brochier05.fr\/index.php\/wp-json\/wp\/v2\/pages\/353\/revisions\/1057"}],"wp:attachment":[{"href":"https:\/\/ferme-brochier05.fr\/index.php\/wp-json\/wp\/v2\/media?parent=353"}],"curies":[{"name":"wp","href":"https:\/\/api.w.org\/{rel}","templated":true}]}}